d 1264733964.
522
What is the greatest common factor of 2124 and 1053622?
118
Calculate the greatest common factor of 66284232 and 168.
168
What is the highest common divisor of 3737318 and 793?
13
What is the greatest common divisor of 45 and 224191755?
45
Calculate the highest common factor of 61137 and 521328785.
6793
Calculate the highest common factor of 18434052 and 63.
63
Calculate the greatest common factor of 3207 and 163574104.
1069
What is the highest common divisor of 324077 and 175788?
257
What is the greatest common divisor of 65486 and 496488?
274
Calculate the highest common divisor of 2777960 and 10460.
20
Calculate the highest common divisor of 552765781 and 87.
29
Calculate the greatest common divisor of 2900440 and 12980.
1180
What is the highest common divisor of 428494321 and 164?
41
What is the highest common factor of 98332 and 3178344?
3172
What is the highest common divisor of 645 and 4632132?
129
Calculate the highest common divisor of 61821792 and 2562.
366
Calculate the greatest common factor of 5202 and 38814723.
2601
Calculate the greatest common factor of 672 and 296609208.
168
What is the highest common factor of 205615 and 1955?
85
Calculate the greatest common factor of 4390347 and 42783.
39
What is the greatest common factor of 129248 and 599648?
224
Calculate the greatest common factor of 802362 and 462.
66
What is the highest common divisor of 9154 and 99005087?
4577
Calculate the highest common factor of 20440780 and 5735.
155
What is the highest common divisor of 2856 and 264096?
168
Calculate the highest common divisor of 1166444 and 489836.
3524
What is the greatest common factor of 36777 and 1408719?
1599
What is the greatest common factor of 204154416 and 1312?
656
What is the greatest common divisor of 267 and 142436757?
267
Calculate the greatest common factor of 20989 and 32943.
139
Calculate the highest common divisor of 2023975 and 114.
19
Calculate the highest common divisor of 132673714 and 64352.
4022
What is the greatest common divisor of 5486401 and 53?
53
What is the highest common factor of 22417614 and 2970?
54
What is the greatest common divisor of 150886 and 11100?
74
Calculate the greatest common divisor of 3807 and 8111307.
141
What is the greatest common divisor of 13643 and 132226007?
1949
What is the greatest common divisor of 61820 and 1041667?
3091
Calculate the highest common divisor of 66185 and 1000370.
1085
What is the highest common factor of 122 and 2504426?
2
Calculate the greatest common factor of 2948091 and 6.
3
What is the highest common factor of 2946 and 60738664?
982
What is the highest common divisor of 3898336 and 66560?
416
Calculate the greatest common divisor of 123948265 and 7490.
3745
Calculate the highest common factor of 568 and 32057068.
284
What is the greatest common factor of 5736 and 2895816?
24
Calculate the greatest common factor of 5953361 and 3938.
179
What is the highest common divisor of 5016 and 31306?
22
What is the greatest common factor of 11186602 and 3136?
98
Calculate the highest common factor of 434079 and 48.
3
What is the highest common divisor of 450528 and 44512?
416
Calculate the highest common divisor of 521977 and 671.
61
Calculate the greatest common divisor of 50 and 10766450.
50
What is the greatest common factor of 6697966 and 34?
34
What is the highest common divisor of 84683586 and 78?
78
What is the highest common divisor of 288 and 280096?
32
What is the greatest common divisor of 4504 and 110248?
8
What is the greatest common divisor of 108904384 and 128?
64
Calculate the greatest common factor of 15919889 and 2404.
601
Calculate the highest common divisor of 2 and 283909.
1
Calculate the greatest common divisor of 27 and 81776301.
3
Calculate the greatest common divisor of 11752137 and 36.
9
What is the highest common divisor of 36091922 and 92?
46
Calculate the highest common divisor of 15305516 and 7860.
524
Calculate the highest common factor of 34950 and 3975.
75
What is the highest common divisor of 8015 and 19809895?
35
What is the highest common factor of 1614 and 116455749?
807
What is the highest common divisor of 109839800 and 210?
70
What is the greatest common factor of 4410 and 534859920?
630
What is the highest common divisor of 185416 and 13671?
49
Calculate the highest common divisor of 573013 and 273917.
763
What is the highest common divisor of 324 and 15229608?
12
Calculate the highest common divisor of 6586680 and 98250.
3930
Calculate the greatest common factor of 15200 and 577061920.
3040
Calculate the highest common factor of 78 and 149379087.
39
What is the highest common divisor of 57464 and 393360?
88
What is the greatest common divisor of 52 and 18085892?
4
Calculate the highest common factor of 78 and 794941914.
78
What is the greatest common factor of 24264 and 70407?
9
What is the highest common divisor of 2920557 and 845238?
2361
Calculate the highest common divisor of 582 and 565737.
3
Calculate the highest common factor of 2329 and 230501130.
2329
What is the greatest common factor of 15342 and 486?
6
What is the highest common divisor of 61640 and 451720?
920
Calculate the greatest common factor of 99 and 128853.
9
What is the greatest common divisor of 9 and 178227171?
9
Calculate the greatest common factor of 186784 and 189029.
449
What is the greatest common factor of 1035 and 4788?
9
Calculate the highest common factor of 35739286 and 19481.
2783
Calculate the greatest common divisor of 1883 and 741350281.
1883
Calculate the greatest common factor of 58353 and 308647.
367
What is the greatest common factor of 71879892 and 3948?
84
What is the greatest common factor of 3 and 22341237?
3
Calculate the highest common factor of 96 and 1124916.
12
What is the highest common factor of 20732 and 184032?
284
What is the highest common factor of 3256815 and 6?
3
Calculate the highest common divisor of 84931020 and 405.
45
What is the highest common divisor of 1808321580 and 10260?
3420
Calculate the greatest common factor of 6275488 and 109612.
268
What is the greatest common factor of 20666833 and 22?
11
Calculate the greatest common divisor of 950797 and 2468.
617
What is the highest common factor of 375 and 7717770?
15
Calculate the highest common divisor of 1349 and 1065142.
71
Calculate the highest common divisor of 38428 and 6370.
26
Calculate the greatest common divisor of 199231 and 11575679.
1193
Calculate the highest common factor of 51 and 175212251.
17
Calculate the greatest common divisor of 27132444 and 594.
18
Calculate the highest common divisor of 1471974 and 285234.
2082
Calculate the greatest common divisor of 4499543750 and 8125.
8125
What is the greatest common divisor of 15592659 and 155?
31
What is the greatest common divisor of 3863091 and 9?
3
What is the highest common factor of 80 and 8654200?
40
What is the greatest common factor of 4613465 and 2755?
145
Calculate the greatest common factor of 630 and 2208732.
6
What is the highest common divisor of 4377772 and 12716?
1156
Calculate the highest common divisor of 123093 and 147537.
873
Calculate the highest common factor of 60 and 471841005.
15
Calculate the greatest common factor of 8880954 and 2581.
89
What is the greatest common factor of 1871 and 1097208659?
1871
Calculate the highest common divisor of 3399 and 829359399.
3399
Calculate the greatest common factor of 18532320 and 384.
96
Calculate the greatest common factor of 22072287 and 129.
129
Calculate the greatest common factor of 21995 and 104145.
265
What is the greatest common factor of 10130292 and 2716?
388
Calculate the greatest common factor of 91264726 and 63847.
9121
What is the highest common divisor of 2712700 and 175?
25
What is the greatest common factor of 13741 and 1243151?
91
What is the highest common factor of 214749 and 428?
107
Calculate the highest common factor of 99750 and 16528575.
9975
What is the greatest common factor of 57 and 1210104?
3
Calculate the highest common divisor of 2558691 and 4815.
963
Calculate the highest common factor of 32290 and 1540.
10
Calculate the highest common factor of 28 and 23232923.
7
What is the greatest common factor of 135 and 12374739?
9
Calculate the highest common divisor of 306027 and 144.